9) + -81 - (-23 - -1)?
-38
Calculate -8 + -1 + (358 - 344) - 13.
-8
Evaluate (8 + -8 + -3 - -7) + -2 + (2 - 49).
-45
Calculate 0 + -10 + 9 + 12 + 88 + -135.
-36
Calculate 5 + -16 + (-35 + 19 - -65).
38
What is the value of 1 + 13 - (1 + 10 - 13 - -16) - 89?
-89
What is the value of (-2 - -108) + (-287 - -272)?
91
What is the value of 19 + 65 + -26 + -12?
46
Calculate -14 - (-226 + 224 + 0 + 0 + 6 + 53).
-71
What is the value of (-2 - 2) + -50 + -9 + 99?
36
1 + 2 + 4 + -4 + -3 + -1 + -29
-30
What is the value of 23 - ((-4 - -4) + 5 - (-29 + 37))?
26
-31 + (2 - -6 - (0 - 1 - -9))
-31
Evaluate -48 - (-26 - 9) - 33.
-46
Evaluate -28 + 29 - (-95 - -22).
74
Evaluate -134 - (-65 + 64 - (5 - -31)).
-97
What is the value of (-2 - (-13 + 38 + 1 + -32)) + (-39 - 1)?
-36
What is 5 + ((-19 - -9) + 16 + -9 - -11) + -73?
-60
Calculate -6 + 4 + 4 + 9 - -35 - -6.
52
What is -10 + 3 - -9 - (8 + 9 + -30 - 0)?
15
-12 + (20 + -6 - 3) - -1 - 1
-1
What is -8 - (-1 + 3 + -4 - (-113 + 92))?
-27
(60 - 54 - (26 + -14)) + (1 - -99)
94
Evaluate -13 + 629 + -620 + (-1 - -1 - 4) + 94.
86
What is the value of 54 + -163 - (1 - (0 + 4 + -4 + -5))?
-115
-13 - (3 + 1) - (76 - (-19 - 3))
-115
Calculate (-13 + 0 - 16) + 18 - (1 - 0).
-12
What is the value of -49 + (9 - 22) - -110?
48
What is the value of 0 + (1 - -71) - (1127 - 1116)?
61
(-79 - 4) + (-132 - -235)
20
22 + -1 + -103 + (71 - 14)
-25
Calculate 228 + -358 + -12 + 81.
-61
What is the value of 10 + -12 + 6 + (-5 - (-6 - (-6 + 13)))?
12
What is -99 + (0 - (9 - 1)) + 6 + -93 + 92?
-102
Evaluate -15 + 7 + 13 + (-18 - 4) - (3 + -12).
-8
-18 - (17 - 59) - 30 - (-112 + 2 + 0)
104
Evaluate 0 + 2 + (-16 + -12 - (-40 + -6)).
20
56 + -2 + (-1087 - -1065)
32
21 - ((-7 - (-2 - (8 - 13)) - -15) + -15)
31
Calculate -6 - (-81 - (-66 + 43)).
52
(-6 - 8) + 7 - -1 - (-30 - -7)
17
Evaluate 628 - 689 - (-1 + -18).
-42
Calculate 7 + -2 - (-10 + (14 - 1)) - 2.
0
What is the value of -6 + 16 + -18 + (2 - -7) + 10?
11
Calculate (-3 - -100) + (-9 + 6 - -6) - (75 - 76).
101
What is the value of 33 + -2 + (-2 + -7 - (8 + -7))?
21
Calculate 4 + (26 - (16 - -4)) + -54.
-44
Calculate (15 - (-30 - -32) - 129) + -5.
-121
What is 7 + 54 + (8 - 101)?
-32
What is -1122 + 1103 - (13 + -2)?
-30
-35 - (-61 + 52 + -19)
-7
What is (-1 - -5) + -3 + 79 + (-518 - -510)?
72
What is (-310 - -317) + (4 - 63) - -20?
-32
11 - (-34 + (19 - -32))
-6
What is the value of (-301 - -286) + (0 - 12) + -28?
-55
What is -3 + -19 + (30 - -2)?
10
(-104 - (-2 - 0)) + -6066 + 6076
-92
Calculate 24 + 2 + (6 - 16) + -24.
-8
79 - 91 - (189 + -120)
-81
What is (13 - (45 - 64)) + -69?
-37
Evaluate 1 + -9 - (13 + 5 + -38 + 8).
4
-2 + -8 - ((2 - -1) + -164 + 24 + 7)
120
-34 - -24 - -99 - 57
32
What is the value of 144 + -83 - (-14 - -49)?
26
2 + 1 + -14 + (26 - -25)
40
What is 10 + -2 + (-13 - 18 - -14)?
-9
Evaluate 141 + 9 + -274 - -14.
-110
Evaluate -85 - (12 - (43 - -10)).
-44
What is the value of (-1385 + 1367 - (5 - -2)) + (12 - 0)?
-13
What is 13 - 0 - (94 + (11 - 74)) - 31?
-49
Evaluate 5 + -4 - (2 + -17 - -21) - 0.
-5
-27 - 1 - (-235 + -20 + 255)
-28
What is (1 - -7) + (36 - 40) + 6 + 18 + -11?
17
What is -15 - -1 - (-8 - 49)?
43
What is the value of -55 + (-3 - (3 + (21 - 13)))?
-69
Evaluate (-1 + 2 + -2 - 10) + 729 + -742.
-24
What is the value of 1 + -8 - (-51 + -23)?
67
Calculate 1 + 0 - 161 - (15347 - 15393).
-114
Calculate -6626 + 6730 + (1 - 62).
43
What is -20 - ((67 + -20 - 24) + -6)?
-37
What is the value of -22 - (1 + -13) - (0 - (-5 - -12)) - -85?
82
Calculate 5 - (-38 + 45 + 0).
-2
What is 1 + -31 + -12 + (777 - 773 - (0 - -2))?
-40
-23 + (-14 - -39 - ((19 - 4) + -3))
-10
Evaluate 9 + (2 + -13 - (-23 - -9)) - (-3 - 0).
15
Calculate 15 + (-13 - ((-52 + 9 - -5) + -17)).
57
Evaluate -23 + 10 - ((1 - -5) + (6 - 9 - 146)).
130
What is the value of 6 + -4 + 1 + 1 - (39 + -21 + 10)?
-24
(-18 + 5 - (5 + (-3 - 2))) + 2 + 108
97
44 + (24 + -28 - 0) + (-3 - -17) + 2
56
What is (-5975 - -5926) + 0 + (-7 - (2 + -2 + 1))?
-57
What is 21 + (0 - -18) + -5 + (13 - 17) - 10?
20
What is (-33 - -1) + 8 - (-1263 + 1158)?
81
What is (9 - -2) + -9 - (-11 - 2) - 63?
-48
Calculate (29 - 44) + -69 - 29 - (1 - -5).
-119
What is the value of 211 - 116 - (-33 + 42)?
86
What is the value of 37 - -27 - (26 + 0 + -27)?
65
26 + (-55 + 17 + 12 - -136)
136
What is the value of -3 - -1 - (103 - 171 - -68)?
-2
What is 52 + -56 + 12 - (26 + 2)?
-20
72 + -69 + 63 + (-17 - (-2 + -1))
52
(30 - (-10 + 12)) + -62 - 42
-76
Calculate 1 + 5 + (3 + -7 - ((28 - 0) + -11)).
-15
What is the value of -4 + -1 + (3 - (18 + -35 + 7 + 53))?
-45
What is the value of -9 + 33 + (20 - 19)?
25
What is 129 - 78 - (22 - 27 - -19)?
37
Evaluate -138 + 33 + 123 - 104.
-86
What is -46 - 15 - (-17 - (-16 - -13))?
-47
What is the value of -62 + 2 - (-55 - (-54 - (32 - 51)))?
-40
Calculate -74 - (-4 + 54 + -28).
-96
Calculate -27 - (-95 - -33) - 57.
-22
Calculate 20 + 139 + -166 + 1 + 16.
10
What is the value of 11 + (13 - 14) + -45 - -23?
-12
What is the value of 64 + (-30 + 16 - -8 - -2)?
60
Evaluate (40 - 32) + (-7 - (-4 + (1 - 0))).
4
What is (4 - (-7 - -26)) + -238 + 271?
18
Evaluate 47 + 1 + (83 - (187 - 85)).
29
217 + -218 + 32 + 0 + -24
7
What is the value of (397 - 290) + 4 + -250?
-139
What is -20 + (86 + -121 + 33 - (0 + -88))?
66
What is -28 - -14 - -54 - (11 + -4)?
33
What is the value of 0 + 0 + 15 - (66 + (-57 + 74 - -35))?
-103
Evaluate 25 - (105 - (-47 - -29 - -32)).
-66
What is the value of -1576 + 1650 - (185 + 2)?
-113
Evaluate -16 + 4 - (42 + -85).
31
Calculate 24 + 6 - (34 - 25) - (1 + -4).
24
Calculate (-138 - (-43 - 6)) + -2 + -5.
-96
Evaluate 18 - (91 + -56 + 39).
-56
What is -15 - (-16 - 4) - (48 - (19 - 7))?
-31
What is 34 + (7 - -47 - 46)?
42
Calculate (17 - (-6 + 9)) + -6 + (-4 - (25 + -3)).
-18
Evaluate -5 + -58 - (-2 - 1) - (53 + (15 - 55)).
-73
Calculate 6899 + -6958 - (6 - 0).
-65
-4 + (10 - -2) + -16 - (294 - 402)
100
Evaluate 12 - 3 - 51 - (-3 + 1 + 4).
-44
Evaluate 31 + (-3 - (-7 + 22)) + 39.
52
(1 - 18) + -16 + 146 + -122 - (-1 + 120)
-128
Calculate 31 + 11 + -1 + (20 - 29).
32
What is the value of -31 + (20 - 19) - (2 - 9)?
-23
What is -13 - ((-14 - 5) + 13 + -18) - -17?
28
What is the value of 34 + -2 - (-7 + 24 + -21 + -21 - -20)?
37
Calculate 36 + -37 - (2 + (12 - 5)).
-10
What is the value of -4845 - -4662 - (-93 - -3)?
-93
What is the value of (-4 - 3 - 10) + 12 + 44?
39
Evaluate (-1 - 22 - (23 + -44)) + -16 + 51.
33
Calculate (-19 - -22) + (23 - 37).
-11
Evaluate (-26 - (-15 - -5)) + 12 - (6 + -2) - 28.
-36
What is 5 - 5 - 6 - (-1 - -21 - -10)?
-36
Evaluate 11 - 1 - 9 - 11 - -43.
33
Calculate -2 + (67 - 21) + -33.
11
Evaluate (9 - 2 - (-2 - -2) - (-3231 + 3235)) + 28.
31
-5 - (301 + -315 - (-1 - -74))
82
What is the value of 19 - (3 + 24 + -18 - -5) - (-130 + 0)?
135
0 + 6 + 0 + -21 + -18 + 30
-3
What is the value of -105 + (3 - (-6 - -11) - (49 - 60) - -1)?
-95
Calculate 3 + 10 + 1 + -14 + -6.
-6
Calculate (-4 - (2 - 7)) + (-5 - (30 - -3)).
-37
Evaluate 2 + -63 + (-439 - -520).
20
(80 + -16 - 78) + (9 + (1 - 6) - 48)
-58
Calculate -75 + 86 + 15 + 66.
92
What is 14 - 9 - 7 - -15 - -31?
44
Evaluate (68 - 61) + -125 + 83.
-35
What is -1 + 43 + -38 + -84 + (-1 - -1 - 2)?
-82
Evaluate -11 + 1 - (-3 - (-15 + (12 - -38 - -4))).
32
What is -58 + -57 + 19 + 56?
-40
What is the value of -1 - (-14 + -9 - 8 - 2) - 14?
18
Calculate (52 - 1) + (1031 - 1046).
36
Evaluate 6 + (14 - 13 - (-2 - -8) - (-9 + -58)).
68
What is -15 - ((14 - (3 + 0)) + (-31 - -15))?
-10
-9 + -10 - ((176 + -187 - (1 - -6)) + 10)
-11
-62 - (43 - 100) - (3 + 3 + 1)
-12
Evaluate 262 + -262 + -1 + 38 + (1 - -3) + -5.
36
What is 31 + (28 - (36 - 2 - -4))?
21
(735 - 725) + (-27 - 0) + -1 + -48
-66
Evaluate -130 - 80 - -107 - -148.
45
What is the value of -2 + -17 - ((-25 - -8) + 4 + -22)?
16
What is the value of -4027 + 3949 + 0 + -33?
-111
What is (-126 - (28 - 78)) + 95?
19
-2 + -1 + 105 + (10 - 47 - 51) + 91
105
What is the value of -20 - (-111 + (26 - -89) - ((1 - 10) + 2))?
-31
What is -1358 + 1421 + (-2 - 12)?
49
-93 + (4 + -30 - -11) + 13 + 1
-94
Calculate 329 + -208 - (76 + 47).
-2
-48 + -1 + 26 - -3
-20
Evaluate -10 + -1 + 0 + -1805 + 1801.
-15
What is the value of -10 + (-183 - (-182 - -95))?
-106
What is the value of 0 -